{"id":13,"date":"2016-03-05T13:29:49","date_gmt":"2016-03-05T13:29:49","guid":{"rendered":"http:\/\/bu-mittelstetten.de\/?page_id=13"},"modified":"2026-03-29T08:20:18","modified_gmt":"2026-03-29T06:20:18","slug":"aktuelles","status":"publish","type":"page","link":"https:\/\/www.bu-mittelstetten.de\/","title":{"rendered":"Aktuelles"},"content":{"rendered":"<div>\n<h1>Mittelstetten hat gew\u00e4hlt !!!<\/h1>\n<p><strong>Ein herzliches Dankesch\u00f6n an unsere W\u00e4hlerinnen und W\u00e4hler.<\/strong><\/p>\n<p data-path-to-node=\"4\">Das Ergebnis der B\u00fcrgermeisterwahl ist denkbar knapp ausgefallen. Auch wenn es am Ende mit nur wenigen Prozentpunkten nicht ganz gereicht hat, sind wir \u00fcberw\u00e4ltigt von dem Vertrauen, das unserer B\u00fcrgermeisterkandidatin Carmen Voxbrunner fast die H\u00e4lfte der W\u00e4hlerinnen und W\u00e4hler geschenkt hat.<\/p>\n<p data-path-to-node=\"5\">Die BU gewann zus\u00e4tzliche 6,6 % gegen\u00fcber der Gemeinderatswahl 2020 und kam auf ein Gesamtergebnis von 31,8 %.\u00a0 Dieses Ergebnis ist ein klarer Auftrag an uns: Wir werden eure Themen und eure Stimmen mit vollem Einsatz im Gemeinderat vertreten. Wir gratulieren Evelyn D\u00fcrmeier zur Wahl und hoffen auf eine konstruktive Zusammenarbeit f\u00fcr unsere Gemeinde.<\/p>\n<h1>Einladung zur Wahlveranstaltung der BU<\/h1>\n<p><img loading=\"lazy\" decoding=\"async\" class=\"size-medium wp-image-1156 aligncenter\" src=\"https:\/\/www.bu-mittelstetten.de\/wp-content\/uploads\/2026\/01\/Einladung-BU-Wahlveranstaltung-1-400x568.jpg\" alt=\"\" width=\"400\" height=\"568\" srcset=\"https:\/\/www.bu-mittelstetten.de\/wp-content\/uploads\/2026\/01\/Einladung-BU-Wahlveranstaltung-1-400x568.jpg 400w, https:\/\/www.bu-mittelstetten.de\/wp-content\/uploads\/2026\/01\/Einladung-BU-Wahlveranstaltung-1-1057x1500.jpg 1057w, https:\/\/www.bu-mittelstetten.de\/wp-content\/uploads\/2026\/01\/Einladung-BU-Wahlveranstaltung-1-768x1090.jpg 768w, https:\/\/www.bu-mittelstetten.de\/wp-content\/uploads\/2026\/01\/Einladung-BU-Wahlveranstaltung-1-1083x1536.jpg 1083w, https:\/\/www.bu-mittelstetten.de\/wp-content\/uploads\/2026\/01\/Einladung-BU-Wahlveranstaltung-1-1444x2048.jpg 1444w, https:\/\/www.bu-mittelstetten.de\/wp-content\/uploads\/2026\/01\/Einladung-BU-Wahlveranstaltung-1.jpg 1748w\" sizes=\"auto, (max-width: 400px) 100vw, 400px\" \/><\/p>\n<p>&nbsp;<\/p>\n<h1><img loading=\"lazy\" decoding=\"async\" class=\"size-medium wp-image-1153 aligncenter\" src=\"https:\/\/www.bu-mittelstetten.de\/wp-content\/uploads\/2026\/01\/Voxbrunner-BU-Kreistag-400x568.jpg\" alt=\"\" width=\"400\" height=\"568\" srcset=\"https:\/\/www.bu-mittelstetten.de\/wp-content\/uploads\/2026\/01\/Voxbrunner-BU-Kreistag-400x568.jpg 400w, https:\/\/www.bu-mittelstetten.de\/wp-content\/uploads\/2026\/01\/Voxbrunner-BU-Kreistag-1057x1500.jpg 1057w, https:\/\/www.bu-mittelstetten.de\/wp-content\/uploads\/2026\/01\/Voxbrunner-BU-Kreistag-768x1090.jpg 768w, https:\/\/www.bu-mittelstetten.de\/wp-content\/uploads\/2026\/01\/Voxbrunner-BU-Kreistag-1083x1536.jpg 1083w, https:\/\/www.bu-mittelstetten.de\/wp-content\/uploads\/2026\/01\/Voxbrunner-BU-Kreistag-1444x2048.jpg 1444w, https:\/\/www.bu-mittelstetten.de\/wp-content\/uploads\/2026\/01\/Voxbrunner-BU-Kreistag.jpg 1748w\" sizes=\"auto, (max-width: 400px) 100vw, 400px\" \/><\/h1>\n<h1 style=\"text-align: center;\">Informationen zu unseren Wahlkandidatinnen und Wahlkandidaten finden Sie im Bereich Kommunalwahlen 2026<\/h1>\n<p>&nbsp;<\/p>\n<h1><strong>Gruppierung \u201eB\u00fcrgernah und Unabh\u00e4ngig\u201c pr\u00e4sentiert Kandidatenliste f\u00fcr Mittelstetten<\/strong><\/h1>\n<p>Die Gruppierung B\u00fcrgernah und Unabh\u00e4ngig (BU) hat ihre Kandidatenliste f\u00fcr die Kommunalwahl vorgestellt. Angef\u00fchrt wird die Liste von Carmen Voxbrunner, die als B\u00fcrgermeisterkandidatin nominiert wurde. Ihr folgen die amtierenden Gemeinderatsmitglieder Erwin Lauchner (Vize-B\u00fcrgermeister) und Fritz Kiser. Die Liste umfasst neun Kandidierende, darunter erfahrene und neue Mitglieder aus verschiedenen Ortsteilen. Ein Drittel der Kandidierenden ist weiblich.<\/p>\n<p>Carmen Voxbrunner betonte die Bedeutung von B\u00fcrgern\u00e4he und m\u00f6chte alle Generationen einbinden. Sie bringt Erfahrung aus ihrer T\u00e4tigkeit als Pressefotografin mit und ist gut vernetzt im Landkreis. Inhaltliche Schwerpunkte ihres Wahlprogramms sind die Entwicklung neuer Baugebiete, die Modernisierung der Feuerwehrger\u00e4teh\u00e4user sowie die F\u00f6rderung von Angeboten f\u00fcr Kinder, Familien und Senioren. Angestrebt wird unter anderem die Schaffung von Tagespflegepl\u00e4tzen und seniorengerechtem Wohnen.<\/p>\n<p><strong>Kandidatenliste:<\/strong><\/p>\n<figure id=\"attachment_1100\" aria-describedby=\"caption-attachment-1100\" style=\"width: 488px\" class=\"wp-caption aligncenter\"><img loading=\"lazy\" decoding=\"async\" class=\" wp-image-1100\" src=\"https:\/\/www.bu-mittelstetten.de\/wp-content\/uploads\/2025\/12\/BU03.12.2025-400x267.jpg\" alt=\"\" width=\"488\" height=\"326\" srcset=\"https:\/\/www.bu-mittelstetten.de\/wp-content\/uploads\/2025\/12\/BU03.12.2025-400x267.jpg 400w, https:\/\/www.bu-mittelstetten.de\/wp-content\/uploads\/2025\/12\/BU03.12.2025-1500x1001.jpg 1500w, https:\/\/www.bu-mittelstetten.de\/wp-content\/uploads\/2025\/12\/BU03.12.2025-768x513.jpg 768w, https:\/\/www.bu-mittelstetten.de\/wp-content\/uploads\/2025\/12\/BU03.12.2025-1536x1025.jpg 1536w, https:\/\/www.bu-mittelstetten.de\/wp-content\/uploads\/2025\/12\/BU03.12.2025-2048x1367.jpg 2048w\" sizes=\"auto, (max-width: 488px) 100vw, 488px\" \/><figcaption id=\"caption-attachment-1100\" class=\"wp-caption-text\">Mittelstetten Nominierung BU sitzen vorne v.l. : Erwin Lauchner, Carmen Voxbrunner, Fritz Kiser stehend v.l. J\u00fcrgen Porsche, Michael Dirnberger, Victoria Gr\u00fcbl, Bettina Detsch, Andreas Kink, Stefan Spannagl<\/figcaption><\/figure>\n<p>Lesen Sie hierzu auch den Artikel im M\u00fcnchner Merkur vom 04.12.2025<br \/>\n<a href=\"https:\/\/www.merkur.de\/lokales\/fuerstenfeldbruck\/mittelstetten-ort377147\/gruppierung-buergernah-und-unabhaengig-will-mittelstetten-voranbringen-94068899.html\" target=\"_blank\" rel=\"noopener\">https:\/\/www.merkur.de\/lokales\/fuerstenfeldbruck\/mittelstetten-ort377147\/gruppierung-buergernah-und-unabhaengig-will-mittelstetten-voranbringen-94068899.html<\/a><\/p>\n<\/div>\n<h1>BU B\u00fcrgermeisterkandidatin Carmen Voxbrunner kandidiert f\u00fcr den Kreistag<\/h1>\n<p>Die BU B\u00fcrgermeisterkandidatin Carmen Voxbrunner kandidiert f\u00fcr die Unabh\u00e4ngige B\u00fcrgervereinigungen des Landkreises F\u00fcrstenfeldbruck f\u00fcr den Kreistag.<br \/>\nWir unterst\u00fctzen als Wahlvorschlag die Liste 6. N\u00e4here\u00a0Informationen finden Sie unter:<br \/>\n<a href=\"http:\/\/www.ubv-ffb.de\" target=\"_blank\" rel=\"noopener\">http:\/\/www.ubv-ffb.de<\/a><\/p>\n<h1><strong>Einladung zur Aufstellungsversammlung <\/strong><br \/>\n<strong>(Nominierungsversammlung)<\/strong><br \/>\n<strong>f\u00fcr die Wahl des Gemeinderats und die Wahl des B\u00fcrgermeisters am Mittwoch den <\/strong><strong>03.12.2025 um 19.00 Uhr <\/strong><strong>im Gasthof zur Post in Mittelstetten<br \/>\n<\/strong><\/h1>\n<p><strong>Tagesordnung:<\/strong><br \/>\n1. Begr\u00fc\u00dfung durch den Vorstand<br \/>\n2. Erstellung einer Anwesenheits- \/<br \/>\nWahlberechtigungsliste<br \/>\n3. Bildung eines Wahlausschusses<br \/>\n4. Aufstellung einer Kandidatenliste<br \/>\n5. Pers\u00f6nliche Vorstellung der Kandidaten<br \/>\n6. Wahl der Gemeinderatskandidaten<br \/>\n7. Pers\u00f6nliche Vorstellung der<br \/>\nB\u00fcrgermeisterkandidatin<br \/>\n8. Wahl der B\u00fcrgermeisterkandidatin<br \/>\n9. Antr\u00e4ge \/ Verschiedenes<\/p>\n<p><strong>Zur allgemeinen Information: (BU-Satzungsauszug)<\/strong><\/p>\n<p>Laut unserer Satzung \u00a79 \/ 6 Abs. 4 sind zu dieser Wahl alle B\u00fcrger \u00fcber 18 Jahre, die keiner anderen Partei oder politischen Organisation angeh\u00f6ren und ihren ersten Wohnsitz im Gemeindegebiet haben, Rede \u2013 und Abstimmungsberechtigt (d.h. obwohl sie keine BU \u2013 Mitgliedschaft haben)<\/p>\n<p>www.BU-Mittelstetten.de<\/p>\n<h1 class=\"id-StoryElement-headline\">Mittelstetten hat zwei B\u00fcrgermeister-Kandidatinnen<\/h1>\n<p>(Quelle:\u00a0\u00a0 www.merkur.de 12.11.2025)<\/p>\n<p>&#8222;Wer will B\u00fcrgermeister werden?\u00a0 Das war in Mittelstetten lange nicht klar. Jetzt melden sich zwei Kandidatinnen.&#8220;<\/p>\n<p>&#8230;weiter lesen:<br \/>\n<a href=\"https:\/\/www.merkur.de\/lokales\/fuerstenfeldbruck\/mittelstetten-ort377147\/mittelstetten-buergermeister-kandidat-kandidatin-frauen-rathaus-ostermeier-nachfolge-94034291.html\" target=\"_blank\" rel=\"noopener\">https:\/\/www.merkur.de\/lokales\/fuerstenfeldbruck\/mittelstetten-ort377147\/mittelstetten-buergermeister-kandidat-kandidatin-frauen-rathaus-ostermeier-nachfolge-94034291.html<\/a><\/p>\n<h1><\/h1>\n<p>&nbsp;<\/p>\n","protected":false},"excerpt":{"rendered":"<p>Mittelstetten hat gew\u00e4hlt !!! Ein herzliches Dankesch\u00f6n an unsere W\u00e4hlerinnen und W\u00e4hler. Das Ergebnis der B\u00fcrgermeisterwahl ist denkbar knapp ausgefallen. Auch wenn es am Ende mit nur wenigen Prozentpunkten nicht ganz gereicht hat, sind wir \u00fcberw\u00e4ltigt von dem Vertrauen, das unserer B\u00fcrgermeisterkandidatin Carmen Voxbrunner fast die H\u00e4lfte der W\u00e4hlerinnen und W\u00e4hler geschenkt hat. Die BU &hellip; <a href=\"https:\/\/www.bu-mittelstetten.de\/\" class=\"more-link\"><span class=\"screen-reader-text\">Aktuelles<\/span> weiterlesen <span class=\"meta-nav\">&rarr;<\/span><\/a><\/p>\n","protected":false},"author":2,"featured_media":0,"parent":0,"menu_order":0,"comment_status":"closed","ping_status":"closed","template":"","meta":{"footnotes":""},"class_list":["post-13","page","type-page","status-publish","hentry"],"_links":{"self":[{"href":"https:\/\/www.bu-mittelstetten.de\/index.php?rest_route=\/wp\/v2\/pages\/13","targetHints":{"allow":["GET"]}}],"collection":[{"href":"https:\/\/www.bu-mittelstetten.de\/index.php?rest_route=\/wp\/v2\/pages"}],"about":[{"href":"https:\/\/www.bu-mittelstetten.de\/index.php?rest_route=\/wp\/v2\/types\/page"}],"author":[{"embeddable":true,"href":"https:\/\/www.bu-mittelstetten.de\/index.php?rest_route=\/wp\/v2\/users\/2"}],"replies":[{"embeddable":true,"href":"https:\/\/www.bu-mittelstetten.de\/index.php?rest_route=%2Fwp%2Fv2%2Fcomments&post=13"}],"version-history":[{"count":351,"href":"https:\/\/www.bu-mittelstetten.de\/index.php?rest_route=\/wp\/v2\/pages\/13\/revisions"}],"predecessor-version":[{"id":1169,"href":"https:\/\/www.bu-mittelstetten.de\/index.php?rest_route=\/wp\/v2\/pages\/13\/revisions\/1169"}],"wp:attachment":[{"href":"https:\/\/www.bu-mittelstetten.de\/index.php?rest_route=%2Fwp%2Fv2%2Fmedia&parent=13"}],"curies":[{"name":"wp","href":"https:\/\/api.w.org\/{rel}","templated":true}]}}