{"id":436,"date":"2019-02-19T13:24:22","date_gmt":"2019-02-19T12:24:22","guid":{"rendered":"http:\/\/www.bu-mittelstetten.de\/?page_id=436"},"modified":"2026-01-01T09:50:10","modified_gmt":"2026-01-01T08:50:10","slug":"gemeinderatssitzungen","status":"publish","type":"page","link":"https:\/\/www.bu-mittelstetten.de\/?page_id=436","title":{"rendered":"Gemeinderatssitzungen"},"content":{"rendered":"<h4><strong>Hier finden Sie die Protokolle<br \/>\naller \u00f6ffentlichen Gemeinderatssitzungen:<\/strong><\/h4>\n<p><em><strong>Seit Oktober 2020 werden Gemeinderatssitzungen auf der offiziellen Mittelstetten-Hompage ver\u00f6ffentlicht.<\/strong><\/em><\/p>\n<p>Anbei der Link:<br \/>\n<a href=\"https:\/\/www.mittelstetten.de\/protokolle\" target=\"_blank\" rel=\"noopener\">https:\/\/www.mittelstetten.de\/protokolle<\/a><\/p>\n<p><a href=\"https:\/\/www.bu-mittelstetten.de\/wp-content\/uploads\/2026\/01\/ProtokollderoeffentlichenSitzungvom03.11.2025Mittelstetten.pdf\" target=\"_blank\" rel=\"noopener\">Protokoll der \u00f6ffentlichenSitzung vom 03.11.2025 Mittelstetten<\/a><br \/>\n<a href=\"https:\/\/www.bu-mittelstetten.de\/wp-content\/uploads\/2025\/11\/Protokoll-der-oeffentlichen-Sitzung-vom-29.09.2025-Mittelstetten.pdf\" target=\"_blank\" rel=\"noopener\">Protokoll der \u00f6ffentlichen Sitzung vom 29.09.2025 Mittelstetten<\/a><br \/>\n<a href=\"https:\/\/www.bu-mittelstetten.de\/wp-content\/uploads\/2025\/11\/Protokoll-der-oeffentlichen-Sitzung-vom-01.09.2025-Mittelstetten.pdf\" target=\"_blank\" rel=\"noopener\">Protokoll der \u00f6ffentlichen Sitzung vom 01.09.2025 Mittelstetten<\/a><br \/>\n<a href=\"https:\/\/www.bu-mittelstetten.de\/wp-content\/uploads\/2025\/11\/Protokoll-der-oeffentlichen-Sitzung-vom-02.06.2025-Mittelstetten.pdf\" target=\"_blank\" rel=\"noopener\">Protokoll der \u00f6ffentlichen Sitzung vom 02.06.2025 Mittelstetten<\/a><br \/>\n<a href=\"https:\/\/www.bu-mittelstetten.de\/wp-content\/uploads\/2025\/11\/Protokoll-der-oeffentlichen-Sitzung-vom-07.04.2025-Mittelstetten.pdf\" target=\"_blank\" rel=\"noopener\">Protokoll der \u00f6ffentlichen Sitzung vom 07.04.2025 Mittelstetten<\/a><\/p>\n","protected":false},"excerpt":{"rendered":"<p>Hier finden Sie die Protokolle aller \u00f6ffentlichen Gemeinderatssitzungen: Seit Oktober 2020 werden Gemeinderatssitzungen auf der offiziellen Mittelstetten-Hompage ver\u00f6ffentlicht. Anbei der Link: https:\/\/www.mittelstetten.de\/protokolle Protokoll der \u00f6ffentlichenSitzung vom 03.11.2025 Mittelstetten Protokoll der \u00f6ffentlichen Sitzung vom 29.09.2025 Mittelstetten Protokoll der \u00f6ffentlichen Sitzung vom 01.09.2025 Mittelstetten Protokoll der \u00f6ffentlichen Sitzung vom 02.06.2025 Mittelstetten Protokoll der \u00f6ffentlichen Sitzung vom 07.04.2025 &hellip; <a href=\"https:\/\/www.bu-mittelstetten.de\/?page_id=436\" class=\"more-link\"><span class=\"screen-reader-text\">Gemeinderatssitzungen<\/span> weiterlesen <span class=\"meta-nav\">&rarr;<\/span><\/a><\/p>\n","protected":false},"author":2,"featured_media":0,"parent":0,"menu_order":0,"comment_status":"closed","ping_status":"closed","template":"","meta":{"footnotes":""},"class_list":["post-436","page","type-page","status-publish","hentry"],"_links":{"self":[{"href":"https:\/\/www.bu-mittelstetten.de\/index.php?rest_route=\/wp\/v2\/pages\/436","targetHints":{"allow":["GET"]}}],"collection":[{"href":"https:\/\/www.bu-mittelstetten.de\/index.php?rest_route=\/wp\/v2\/pages"}],"about":[{"href":"https:\/\/www.bu-mittelstetten.de\/index.php?rest_route=\/wp\/v2\/types\/page"}],"author":[{"embeddable":true,"href":"https:\/\/www.bu-mittelstetten.de\/index.php?rest_route=\/wp\/v2\/users\/2"}],"replies":[{"embeddable":true,"href":"https:\/\/www.bu-mittelstetten.de\/index.php?rest_route=%2Fwp%2Fv2%2Fcomments&post=436"}],"version-history":[{"count":49,"href":"https:\/\/www.bu-mittelstetten.de\/index.php?rest_route=\/wp\/v2\/pages\/436\/revisions"}],"predecessor-version":[{"id":1145,"href":"https:\/\/www.bu-mittelstetten.de\/index.php?rest_route=\/wp\/v2\/pages\/436\/revisions\/1145"}],"wp:attachment":[{"href":"https:\/\/www.bu-mittelstetten.de\/index.php?rest_route=%2Fwp%2Fv2%2Fmedia&parent=436"}],"curies":[{"name":"wp","href":"https:\/\/api.w.org\/{rel}","templated":true}]}}

<h4><strong>Hier finden Sie die Protokolle<br />
aller öffentlichen Gemeinderatssitzungen:</strong></h4>
<p><em><strong>Seit Oktober 2020 werden Gemeinderatssitzungen auf der offiziellen Mittelstetten-Hompage veröffentlicht.</strong></em></p>
<p>Anbei der Link:<br />
<a href="https://www.mittelstetten.de/protokolle" target="_blank" rel="noopener">https://www.mittelstetten.de/protokolle</a></p>
<p><a href="https://www.bu-mittelstetten.de/wp-content/uploads/2026/01/ProtokollderoeffentlichenSitzungvom03.11.2025Mittelstetten.pdf" target="_blank" rel="noopener">Protokoll der öffentlichenSitzung vom 03.11.2025 Mittelstetten</a><br />
<a href="https://www.bu-mittelstetten.de/wp-content/uploads/2025/11/Protokoll-der-oeffentlichen-Sitzung-vom-29.09.2025-Mittelstetten.pdf" target="_blank" rel="noopener">Protokoll der öffentlichen Sitzung vom 29.09.2025 Mittelstetten</a><br />
<a href="https://www.bu-mittelstetten.de/wp-content/uploads/2025/11/Protokoll-der-oeffentlichen-Sitzung-vom-01.09.2025-Mittelstetten.pdf" target="_blank" rel="noopener">Protokoll der öffentlichen Sitzung vom 01.09.2025 Mittelstetten</a><br />
<a href="https://www.bu-mittelstetten.de/wp-content/uploads/2025/11/Protokoll-der-oeffentlichen-Sitzung-vom-02.06.2025-Mittelstetten.pdf" target="_blank" rel="noopener">Protokoll der öffentlichen Sitzung vom 02.06.2025 Mittelstetten</a><br />
<a href="https://www.bu-mittelstetten.de/wp-content/uploads/2025/11/Protokoll-der-oeffentlichen-Sitzung-vom-07.04.2025-Mittelstetten.pdf" target="_blank" rel="noopener">Protokoll der öffentlichen Sitzung vom 07.04.2025 Mittelstetten</a></p>

<p>Hier finden Sie die Protokolle aller öffentlichen Gemeinderatssitzungen: Seit Oktober 2020 werden Gemeinderatssitzungen auf der offiziellen Mittelstetten-Hompage veröffentlicht. Anbei der Link: https://www.mittelstetten.de/protokolle Protokoll der öffentlichenSitzung vom 03.11.2025 Mittelstetten Protokoll der öffentlichen Sitzung vom 29.09.2025 Mittelstetten Protokoll der öffentlichen Sitzung vom 01.09.2025 Mittelstetten Protokoll der öffentlichen Sitzung vom 02.06.2025 Mittelstetten Protokoll der öffentlichen Sitzung vom 07.04.2025 &hellip; <a href="https://www.bu-mittelstetten.de/?page_id=436" class="more-link"><span class="screen-reader-text">Gemeinderatssitzungen</span> weiterlesen <span class="meta-nav">&rarr;</span></a></p>
